{"id":3,"date":"2026-02-16T22:34:13","date_gmt":"2026-02-16T22:34:13","guid":{"rendered":"https:\/\/iwts.fi\/?page_id=3"},"modified":"2026-04-21T13:47:11","modified_gmt":"2026-04-21T13:47:11","slug":"tietosuojaseloste","status":"publish","type":"page","link":"https:\/\/iwts.fi\/index.php\/tietosuojaseloste\/","title":{"rendered":"Tietosuojaseloste"},"content":{"rendered":"\n<h2 class=\"wp-block-heading\">1. Rekisterinpit\u00e4j\u00e4<\/h2>\n\n\n\n<p>IWT Suomi Oy<br>Skutholminkaari 8<br>00890 Helsinki<br>Suomi<br>S\u00e4hk\u00f6posti:&nbsp;<a>info@iwts.fi<\/a><br>Puhelin: +358 400 586565<\/p>\n\n\n\n<hr class=\"wp-block-separator has-alpha-channel-opacity\"\/>\n\n\n\n<h3 class=\"wp-block-heading\">2. Henkil\u00f6tietojen k\u00e4sittelyn tarkoitus<\/h3>\n\n\n\n<p>Ker\u00e4\u00e4mme ja k\u00e4sittelemme henkil\u00f6tietoja seuraaviin tarkoituksiin:<\/p>\n\n\n\n<ul class=\"wp-block-list\">\n<li>Asiakassuhteen hoitaminen<\/li>\n\n\n\n<li>Yhteydenottoihin vastaaminen<\/li>\n\n\n\n<li>Verkkosivuston toiminnan ja turvallisuuden varmistaminen<\/li>\n\n\n\n<li>Palveluiden kehitt\u00e4minen ja analytiikka<\/li>\n<\/ul>\n\n\n\n<hr class=\"wp-block-separator has-alpha-channel-opacity\"\/>\n\n\n\n<h3 class=\"wp-block-heading\">3. Ker\u00e4tt\u00e4v\u00e4t tiedot<\/h3>\n\n\n\n<p>Voimme ker\u00e4t\u00e4 seuraavia tietoja:<\/p>\n\n\n\n<ul class=\"wp-block-list\">\n<li>Nimi<\/li>\n\n\n\n<li>S\u00e4hk\u00f6postiosoite<\/li>\n\n\n\n<li>Puhelinnumero<\/li>\n\n\n\n<li>IP-osoite<\/li>\n\n\n\n<li>Selain- ja laitetiedot<\/li>\n\n\n\n<li>Mahdolliset viestit ja yhteydenotot<\/li>\n<\/ul>\n\n\n\n<h4 class=\"wp-block-heading\">Kommentit<\/h4>\n\n\n\n<p>Kun k\u00e4vij\u00e4t j\u00e4tt\u00e4v\u00e4t kommentteja sivustolle, ker\u00e4\u00e4mme kommenttilomakkeessa n\u00e4kyv\u00e4t tiedot sek\u00e4 IP-osoitteen ja selaintiedot roskapostin est\u00e4miseksi.<\/p>\n\n\n\n<p>S\u00e4hk\u00f6postiosoitteesta voidaan luoda anonymisoitu tunniste (hash), joka voidaan v\u00e4litt\u00e4\u00e4&nbsp;Gravatar-palvelulle profiilikuvan tarkistamiseksi.<\/p>\n\n\n\n<hr class=\"wp-block-separator has-alpha-channel-opacity\"\/>\n\n\n\n<h3 class=\"wp-block-heading\">4. Media<\/h3>\n\n\n\n<p>Jos lataat kuvia sivustolle, suosittelemme poistamaan kuvista sijaintitiedot (EXIF GPS), sill\u00e4 sivuston k\u00e4vij\u00e4t voivat ladata ja tarkastella niit\u00e4.<\/p>\n\n\n\n<hr class=\"wp-block-separator has-alpha-channel-opacity\"\/>\n\n\n\n<h3 class=\"wp-block-heading\">5. Ev\u00e4steet (cookies)<\/h3>\n\n\n\n<p>K\u00e4yt\u00e4mme ev\u00e4steit\u00e4 parantaaksemme k\u00e4ytt\u00f6kokemusta.<\/p>\n\n\n\n<ul class=\"wp-block-list\">\n<li>Kommentin yhteydess\u00e4 tallennettavat tiedot (nimi, s\u00e4hk\u00f6posti) voidaan tallentaa ev\u00e4steisiin (voimassa 1 vuosi)<\/li>\n\n\n\n<li>Kirjautumissivulla k\u00e4ytet\u00e4\u00e4n tilap\u00e4ist\u00e4 ev\u00e4stett\u00e4 selaintuen tarkistamiseen<\/li>\n\n\n\n<li>Kirjautumisen yhteydess\u00e4 asetetaan ev\u00e4steit\u00e4 kirjautumistietojen tallentamiseksi<\/li>\n\n\n\n<li>\u201cMuista minut\u201d -toiminto s\u00e4ilytt\u00e4\u00e4 kirjautumisen 2 viikon ajan<\/li>\n\n\n\n<li>Artikkelien muokkauksessa k\u00e4ytet\u00e4\u00e4n teknisi\u00e4 ev\u00e4steit\u00e4<\/li>\n<\/ul>\n\n\n\n<hr class=\"wp-block-separator has-alpha-channel-opacity\"\/>\n\n\n\n<h3 class=\"wp-block-heading\">6. Upotettu sis\u00e4lt\u00f6 muilta sivustoilta<\/h3>\n\n\n\n<p>Sivustomme voi sis\u00e4lt\u00e4\u00e4 upotettua sis\u00e4lt\u00f6\u00e4 (esim. videoita, kuvia, artikkeleita).<\/p>\n\n\n\n<p>Upotettu sis\u00e4lt\u00f6 toimii kuten vierailu kyseisell\u00e4 sivustolla, ja n\u00e4m\u00e4 kolmannet osapuolet voivat:<\/p>\n\n\n\n<ul class=\"wp-block-list\">\n<li>ker\u00e4t\u00e4 tietoa sinusta<\/li>\n\n\n\n<li>k\u00e4ytt\u00e4\u00e4 ev\u00e4steit\u00e4<\/li>\n\n\n\n<li>seurata toimintaasi<\/li>\n<\/ul>\n\n\n\n<hr class=\"wp-block-separator has-alpha-channel-opacity\"\/>\n\n\n\n<h3 class=\"wp-block-heading\">7. Tietojen luovutus<\/h3>\n\n\n\n<p>Emme luovuta henkil\u00f6tietoja kolmansille osapuolille ilman perustetta, paitsi:<\/p>\n\n\n\n<ul class=\"wp-block-list\">\n<li>viranomaisille lain edellytt\u00e4miss\u00e4 tapauksissa<\/li>\n\n\n\n<li>palveluntarjoajille (esim. hosting, analytiikka)<\/li>\n\n\n\n<li>teknisiin tarkoituksiin (esim. roskapostin suodatus)<\/li>\n<\/ul>\n\n\n\n<p>Esimerkiksi kommentit voidaan tarkistaa automaattisen roskapostinestopalvelun kautta.<\/p>\n\n\n\n<hr class=\"wp-block-separator has-alpha-channel-opacity\"\/>\n\n\n\n<h3 class=\"wp-block-heading\">8. Tietojen s\u00e4ilytys<\/h3>\n\n\n\n<ul class=\"wp-block-list\">\n<li>Kommentit ja niiden metatiedot s\u00e4ilytet\u00e4\u00e4n toistaiseksi<\/li>\n\n\n\n<li>K\u00e4ytt\u00e4j\u00e4tilien tiedot s\u00e4ilytet\u00e4\u00e4n niin kauan kuin tili on aktiivinen<\/li>\n\n\n\n<li>Tietoja s\u00e4ilytet\u00e4\u00e4n vain niin kauan kuin se on tarpeellista<\/li>\n<\/ul>\n\n\n\n<hr class=\"wp-block-separator has-alpha-channel-opacity\"\/>\n\n\n\n<h3 class=\"wp-block-heading\">9. Rekister\u00f6idyn oikeudet<\/h3>\n\n\n\n<p>Sinulla on oikeus:<\/p>\n\n\n\n<ul class=\"wp-block-list\">\n<li>saada p\u00e4\u00e4sy omiin tietoihisi<\/li>\n\n\n\n<li>pyyt\u00e4\u00e4 tietojen oikaisua tai poistamista<\/li>\n\n\n\n<li>vastustaa k\u00e4sittely\u00e4<\/li>\n\n\n\n<li>pyyt\u00e4\u00e4 tietojen siirtoa<\/li>\n<\/ul>\n\n\n\n<p>Voit tehd\u00e4 pyynn\u00f6n osoitteeseen:&nbsp;<a>info@iwts.fi<\/a><\/p>\n\n\n\n<hr class=\"wp-block-separator has-alpha-channel-opacity\"\/>\n\n\n\n<h3 class=\"wp-block-heading\">10. Tietoturva<\/h3>\n\n\n\n<p>Huolehdimme henkil\u00f6tietojen suojaamisesta asianmukaisin teknisin ja organisatorisin toimenpitein.<\/p>\n\n\n\n<hr class=\"wp-block-separator has-alpha-channel-opacity\"\/>\n\n\n\n<h3 class=\"wp-block-heading\">11. Muutokset tietosuojaselosteeseen<\/h3>\n\n\n\n<p>Pid\u00e4t\u00e4mme oikeuden p\u00e4ivitt\u00e4\u00e4 t\u00e4t\u00e4 tietosuojaselostetta tarvittaessa.<\/p>\n","protected":false},"excerpt":{"rendered":"<p>1. Rekisterinpit\u00e4j\u00e4 IWT Suomi OySkutholminkaari 800890 HelsinkiSuomiS\u00e4hk\u00f6posti:&nbsp;info@iwts.fiPuhelin: +358 400 586565 2. Henkil\u00f6tietojen k\u00e4sittelyn tarkoitus Ker\u00e4\u00e4mme ja k\u00e4sittelemme henkil\u00f6tietoja seuraaviin tarkoituksiin: 3. Ker\u00e4tt\u00e4v\u00e4t tiedot Voimme ker\u00e4t\u00e4 seuraavia tietoja: Kommentit Kun k\u00e4vij\u00e4t j\u00e4tt\u00e4v\u00e4t kommentteja sivustolle, ker\u00e4\u00e4mme kommenttilomakkeessa n\u00e4kyv\u00e4t tiedot sek\u00e4 IP-osoitteen ja selaintiedot roskapostin est\u00e4miseksi. S\u00e4hk\u00f6postiosoitteesta voidaan luoda anonymisoitu tunniste (hash), joka voidaan v\u00e4litt\u00e4\u00e4&nbsp;Gravatar-palvelulle profiilikuvan tarkistamiseksi. 4. [&hellip;]<\/p>\n","protected":false},"author":1,"featured_media":0,"parent":0,"menu_order":0,"comment_status":"closed","ping_status":"closed","template":"","meta":{"footnotes":""},"class_list":["post-3","page","type-page","status-publish","hentry"],"yoast_head":"<!-- This site is optimized with the Yoast SEO plugin v27.5 - https:\/\/yoast.com\/product\/yoast-seo-wordpress\/ -->\n<title>Tietosuojaseloste - IWTS<\/title>\n<meta name=\"robots\" content=\"index, follow, max-snippet:-1, max-image-preview:large, max-video-preview:-1\" \/>\n<link rel=\"canonical\" href=\"https:\/\/iwts.fi\/index.php\/tietosuojaseloste\/\" \/>\n<meta property=\"og:locale\" content=\"fi_FI\" \/>\n<meta property=\"og:type\" content=\"article\" \/>\n<meta property=\"og:title\" content=\"Tietosuojaseloste - IWTS\" \/>\n<meta property=\"og:description\" content=\"1. Rekisterinpit\u00e4j\u00e4 IWT Suomi OySkutholminkaari 800890 HelsinkiSuomiS\u00e4hk\u00f6posti:&nbsp;info@iwts.fiPuhelin: +358 400 586565 2. Henkil\u00f6tietojen k\u00e4sittelyn tarkoitus Ker\u00e4\u00e4mme ja k\u00e4sittelemme henkil\u00f6tietoja seuraaviin tarkoituksiin: 3. Ker\u00e4tt\u00e4v\u00e4t tiedot Voimme ker\u00e4t\u00e4 seuraavia tietoja: Kommentit Kun k\u00e4vij\u00e4t j\u00e4tt\u00e4v\u00e4t kommentteja sivustolle, ker\u00e4\u00e4mme kommenttilomakkeessa n\u00e4kyv\u00e4t tiedot sek\u00e4 IP-osoitteen ja selaintiedot roskapostin est\u00e4miseksi. S\u00e4hk\u00f6postiosoitteesta voidaan luoda anonymisoitu tunniste (hash), joka voidaan v\u00e4litt\u00e4\u00e4&nbsp;Gravatar-palvelulle profiilikuvan tarkistamiseksi. 4. [&hellip;]\" \/>\n<meta property=\"og:url\" content=\"https:\/\/iwts.fi\/index.php\/tietosuojaseloste\/\" \/>\n<meta property=\"og:site_name\" content=\"IWTS\" \/>\n<meta property=\"article:modified_time\" content=\"2026-04-21T13:47:11+00:00\" \/>\n<meta name=\"twitter:card\" content=\"summary_large_image\" \/>\n<meta name=\"twitter:label1\" content=\"Arvioitu lukuaika\" \/>\n\t<meta name=\"twitter:data1\" content=\"2 minuuttia\" \/>\n<script type=\"application\/ld+json\" class=\"yoast-schema-graph\">{\"@context\":\"https:\\\/\\\/schema.org\",\"@graph\":[{\"@type\":\"WebPage\",\"@id\":\"https:\\\/\\\/iwts.fi\\\/index.php\\\/tietosuojaseloste\\\/\",\"url\":\"https:\\\/\\\/iwts.fi\\\/index.php\\\/tietosuojaseloste\\\/\",\"name\":\"Tietosuojaseloste - IWTS\",\"isPartOf\":{\"@id\":\"https:\\\/\\\/iwts.fi\\\/#website\"},\"datePublished\":\"2026-02-16T22:34:13+00:00\",\"dateModified\":\"2026-04-21T13:47:11+00:00\",\"breadcrumb\":{\"@id\":\"https:\\\/\\\/iwts.fi\\\/index.php\\\/tietosuojaseloste\\\/#breadcrumb\"},\"inLanguage\":\"fi\",\"potentialAction\":[{\"@type\":\"ReadAction\",\"target\":[\"https:\\\/\\\/iwts.fi\\\/index.php\\\/tietosuojaseloste\\\/\"]}]},{\"@type\":\"BreadcrumbList\",\"@id\":\"https:\\\/\\\/iwts.fi\\\/index.php\\\/tietosuojaseloste\\\/#breadcrumb\",\"itemListElement\":[{\"@type\":\"ListItem\",\"position\":1,\"name\":\"Etusivu\",\"item\":\"https:\\\/\\\/iwts.fi\\\/\"},{\"@type\":\"ListItem\",\"position\":2,\"name\":\"Tietosuojaseloste\"}]},{\"@type\":\"WebSite\",\"@id\":\"https:\\\/\\\/iwts.fi\\\/#website\",\"url\":\"https:\\\/\\\/iwts.fi\\\/\",\"name\":\"IWTS\",\"description\":\"IWTS:n uusi verkkosivu\",\"publisher\":{\"@id\":\"https:\\\/\\\/iwts.fi\\\/#organization\"},\"potentialAction\":[{\"@type\":\"SearchAction\",\"target\":{\"@type\":\"EntryPoint\",\"urlTemplate\":\"https:\\\/\\\/iwts.fi\\\/?s={search_term_string}\"},\"query-input\":{\"@type\":\"PropertyValueSpecification\",\"valueRequired\":true,\"valueName\":\"search_term_string\"}}],\"inLanguage\":\"fi\"},{\"@type\":\"Organization\",\"@id\":\"https:\\\/\\\/iwts.fi\\\/#organization\",\"name\":\"IWTS\",\"url\":\"https:\\\/\\\/iwts.fi\\\/\",\"logo\":{\"@type\":\"ImageObject\",\"inLanguage\":\"fi\",\"@id\":\"https:\\\/\\\/iwts.fi\\\/#\\\/schema\\\/logo\\\/image\\\/\",\"url\":\"https:\\\/\\\/iwts.fi\\\/wp-content\\\/uploads\\\/2026\\\/02\\\/IWTS-logo-Edited.png\",\"contentUrl\":\"https:\\\/\\\/iwts.fi\\\/wp-content\\\/uploads\\\/2026\\\/02\\\/IWTS-logo-Edited.png\",\"width\":1774,\"height\":887,\"caption\":\"IWTS\"},\"image\":{\"@id\":\"https:\\\/\\\/iwts.fi\\\/#\\\/schema\\\/logo\\\/image\\\/\"}}]}<\/script>\n<!-- \/ Yoast SEO plugin. -->","yoast_head_json":{"title":"Tietosuojaseloste - IWTS","robots":{"index":"index","follow":"follow","max-snippet":"max-snippet:-1","max-image-preview":"max-image-preview:large","max-video-preview":"max-video-preview:-1"},"canonical":"https:\/\/iwts.fi\/index.php\/tietosuojaseloste\/","og_locale":"fi_FI","og_type":"article","og_title":"Tietosuojaseloste - IWTS","og_description":"1. Rekisterinpit\u00e4j\u00e4 IWT Suomi OySkutholminkaari 800890 HelsinkiSuomiS\u00e4hk\u00f6posti:&nbsp;info@iwts.fiPuhelin: +358 400 586565 2. Henkil\u00f6tietojen k\u00e4sittelyn tarkoitus Ker\u00e4\u00e4mme ja k\u00e4sittelemme henkil\u00f6tietoja seuraaviin tarkoituksiin: 3. Ker\u00e4tt\u00e4v\u00e4t tiedot Voimme ker\u00e4t\u00e4 seuraavia tietoja: Kommentit Kun k\u00e4vij\u00e4t j\u00e4tt\u00e4v\u00e4t kommentteja sivustolle, ker\u00e4\u00e4mme kommenttilomakkeessa n\u00e4kyv\u00e4t tiedot sek\u00e4 IP-osoitteen ja selaintiedot roskapostin est\u00e4miseksi. S\u00e4hk\u00f6postiosoitteesta voidaan luoda anonymisoitu tunniste (hash), joka voidaan v\u00e4litt\u00e4\u00e4&nbsp;Gravatar-palvelulle profiilikuvan tarkistamiseksi. 4. [&hellip;]","og_url":"https:\/\/iwts.fi\/index.php\/tietosuojaseloste\/","og_site_name":"IWTS","article_modified_time":"2026-04-21T13:47:11+00:00","twitter_card":"summary_large_image","twitter_misc":{"Arvioitu lukuaika":"2 minuuttia"},"schema":{"@context":"https:\/\/schema.org","@graph":[{"@type":"WebPage","@id":"https:\/\/iwts.fi\/index.php\/tietosuojaseloste\/","url":"https:\/\/iwts.fi\/index.php\/tietosuojaseloste\/","name":"Tietosuojaseloste - IWTS","isPartOf":{"@id":"https:\/\/iwts.fi\/#website"},"datePublished":"2026-02-16T22:34:13+00:00","dateModified":"2026-04-21T13:47:11+00:00","breadcrumb":{"@id":"https:\/\/iwts.fi\/index.php\/tietosuojaseloste\/#breadcrumb"},"inLanguage":"fi","potentialAction":[{"@type":"ReadAction","target":["https:\/\/iwts.fi\/index.php\/tietosuojaseloste\/"]}]},{"@type":"BreadcrumbList","@id":"https:\/\/iwts.fi\/index.php\/tietosuojaseloste\/#breadcrumb","itemListElement":[{"@type":"ListItem","position":1,"name":"Etusivu","item":"https:\/\/iwts.fi\/"},{"@type":"ListItem","position":2,"name":"Tietosuojaseloste"}]},{"@type":"WebSite","@id":"https:\/\/iwts.fi\/#website","url":"https:\/\/iwts.fi\/","name":"IWTS","description":"IWTS:n uusi verkkosivu","publisher":{"@id":"https:\/\/iwts.fi\/#organization"},"potentialAction":[{"@type":"SearchAction","target":{"@type":"EntryPoint","urlTemplate":"https:\/\/iwts.fi\/?s={search_term_string}"},"query-input":{"@type":"PropertyValueSpecification","valueRequired":true,"valueName":"search_term_string"}}],"inLanguage":"fi"},{"@type":"Organization","@id":"https:\/\/iwts.fi\/#organization","name":"IWTS","url":"https:\/\/iwts.fi\/","logo":{"@type":"ImageObject","inLanguage":"fi","@id":"https:\/\/iwts.fi\/#\/schema\/logo\/image\/","url":"https:\/\/iwts.fi\/wp-content\/uploads\/2026\/02\/IWTS-logo-Edited.png","contentUrl":"https:\/\/iwts.fi\/wp-content\/uploads\/2026\/02\/IWTS-logo-Edited.png","width":1774,"height":887,"caption":"IWTS"},"image":{"@id":"https:\/\/iwts.fi\/#\/schema\/logo\/image\/"}}]}},"_links":{"self":[{"href":"https:\/\/iwts.fi\/index.php\/wp-json\/wp\/v2\/pages\/3","targetHints":{"allow":["GET"]}}],"collection":[{"href":"https:\/\/iwts.fi\/index.php\/wp-json\/wp\/v2\/pages"}],"about":[{"href":"https:\/\/iwts.fi\/index.php\/wp-json\/wp\/v2\/types\/page"}],"author":[{"embeddable":true,"href":"https:\/\/iwts.fi\/index.php\/wp-json\/wp\/v2\/users\/1"}],"replies":[{"embeddable":true,"href":"https:\/\/iwts.fi\/index.php\/wp-json\/wp\/v2\/comments?post=3"}],"version-history":[{"count":2,"href":"https:\/\/iwts.fi\/index.php\/wp-json\/wp\/v2\/pages\/3\/revisions"}],"predecessor-version":[{"id":1269,"href":"https:\/\/iwts.fi\/index.php\/wp-json\/wp\/v2\/pages\/3\/revisions\/1269"}],"wp:attachment":[{"href":"https:\/\/iwts.fi\/index.php\/wp-json\/wp\/v2\/media?parent=3"}],"curies":[{"name":"wp","href":"https:\/\/api.w.org\/{rel}","templated":true}]}}